{"id":1151,"date":"2018-03-06T20:17:01","date_gmt":"2018-03-06T19:17:01","guid":{"rendered":"https:\/\/www.teoarkitektura.com\/hasiera\/"},"modified":"2021-05-25T13:34:31","modified_gmt":"2021-05-25T12:34:31","slug":"hasiera","status":"publish","type":"page","link":"https:\/\/www.teoarkitektura.eus\/es\/","title":{"rendered":"Teo Arkitektura"},"content":{"rendered":"\n<div class=\"wp-block-image\"><figure class=\"aligncenter size-large\"><img decoding=\"async\" loading=\"lazy\" width=\"650\" height=\"162\" src=\"https:\/\/www.teoarkitektura.com\/wp-content\/uploads\/2018\/01\/teoarkitektura_ok_gertutasunetik_txiki.jpg\" alt=\"Teo Arkitektura\" class=\"wp-image-8\"\/><\/figure><\/div>\n\n\n<div id=\"pl-gb1151-69f16862f380b\"  class=\"panel-layout\" ><div id=\"pg-gb1151-69f16862f380b-0\"  class=\"panel-grid panel-no-style\" ><div id=\"pgc-gb1151-69f16862f380b-0-0\"  class=\"panel-grid-cell\" ><div id=\"panel-gb1151-69f16862f380b-0-0-0\" class=\"so-panel widget widget_text panel-first-child panel-last-child\" data-index=\"0\" >\t\t\t<div class=\"textwidget\"><p><\/p>\n<p class=\"has-text-align-center\">En TEO Arkitektura creemos que cada cliente, cada familia, cada usuario, tiene una forma de vivir los espacios, m\u00e1s all\u00e1 de los modelos preconcebidos que respondan a las formas de vida generalizadas o m\u00e1s extendidas. Y creemos que cada espacio ha de dar respuesta a las circunstancias espec\u00edficas de cada usuario, de cada unidad familiar; a sus necesidades.<\/p>\n<\/div>\n\t\t<\/div><\/div><\/div><\/div>","protected":false},"excerpt":{"rendered":"","protected":false},"author":1,"featured_media":0,"parent":0,"menu_order":1,"comment_status":"closed","ping_status":"closed","template":"","meta":[],"_links":{"self":[{"href":"https:\/\/www.teoarkitektura.eus\/es\/wp-json\/wp\/v2\/pages\/1151"}],"collection":[{"href":"https:\/\/www.teoarkitektura.eus\/es\/wp-json\/wp\/v2\/pages"}],"about":[{"href":"https:\/\/www.teoarkitektura.eus\/es\/wp-json\/wp\/v2\/types\/page"}],"author":[{"embeddable":true,"href":"https:\/\/www.teoarkitektura.eus\/es\/wp-json\/wp\/v2\/users\/1"}],"replies":[{"embeddable":true,"href":"https:\/\/www.teoarkitektura.eus\/es\/wp-json\/wp\/v2\/comments?post=1151"}],"version-history":[{"count":0,"href":"https:\/\/www.teoarkitektura.eus\/es\/wp-json\/wp\/v2\/pages\/1151\/revisions"}],"wp:attachment":[{"href":"https:\/\/www.teoarkitektura.eus\/es\/wp-json\/wp\/v2\/media?parent=1151"}],"curies":[{"name":"wp","href":"https:\/\/api.w.org\/{rel}","templated":true}]}}

<div class="wp-block-image"><figure class="aligncenter size-large"><img decoding="async" loading="lazy" width="650" height="162" src="https://www.teoarkitektura.com/wp-content/uploads/2018/01/teoarkitektura_ok_gertutasunetik_txiki.jpg" alt="Teo Arkitektura" class="wp-image-8"/></figure></div>


<div id="pl-gb1151-69f16862f380b"  class="panel-layout" ><div id="pg-gb1151-69f16862f380b-0"  class="panel-grid panel-no-style" ><div id="pgc-gb1151-69f16862f380b-0-0"  class="panel-grid-cell" ><div id="panel-gb1151-69f16862f380b-0-0-0" class="so-panel widget widget_text panel-first-child panel-last-child" data-index="0" >			<div class="textwidget"><p></p>
<p class="has-text-align-center">En TEO Arkitektura creemos que cada cliente, cada familia, cada usuario, tiene una forma de vivir los espacios, más allá de los modelos preconcebidos que respondan a las formas de vida generalizadas o más extendidas. Y creemos que cada espacio ha de dar respuesta a las circunstancias específicas de cada usuario, de cada unidad familiar; a sus necesidades.</p>
</div>
		</div></div></div></div>
